rmine n(h).
35
Let t(x) = -x**3 - x**2 + 2*x + 16. Let s(v) = -v**3 + v**2 + 15. Let u(q) = 5*s(q) - 4*t(q). Determine u(8).
11
Let r(g) be the third derivative of g**4/24 + 5*g**3/6 - 4*g**2. Let s be (0 - -1)*4/2. Let q be r(s). Let b(y) = -y - 6. Determine b(q).
-13
Let k be (-388)/(-15) + (-12)/(-90). Let c be k/(-8) + (-1)/(-4). Let j(w) = -w**3 - 3*w**2 - 2*w + 4. Calculate j(c).
10
Let t = -1967 + 1970. Let r(x) = x**3 - 5*x**2 + 9*x - 1. Calculate r(t).
8
Let l be ((-180)/(-8))/((-2)/(-4)). Let i = -20 + l. Suppose -4*f - 5 + i = 0. Let r(y) = y - 5. What is r(f)?
0
Let n(r) = 2*r - 9. Let f be n(6). Let p(s) = 4*s - 4*s - f*s + 3. Calculate p(3).
-6
Let f(h) = 2*h**3 - 7*h**2. Let t(z) = z**3 - 4*z**2. Let r(i) = 4*f(i) - 7*t(i). Suppose 2*d - 3 = 5*d. What is r(d)?
-1
Let t(p) = p**2 - 6*p + 7. Let r(d) = 4*d**2 - 19*d + 23. Let m(q) = q**2 - 5*q + 6. Let g(k) = 9*m(k) - 2*r(k). Let n(i) = 2*g(i) - 3*t(i). Calculate n(4).
-5
Let o(b) = 3*b**2 + b + 4. Let y = 1148 - 1151. Give o(y).
28
Let r be 4 + 99/(-9) - (-4 + 0). Let g(i) = i**3 + 4*i**2 + 3*i + 2. Calculate g(r).
2
Let a(v) = -2*v - 1. Suppose 3*i + 2 = -10. Suppose k = 3*s - 12, 4*k - 4*s + 3*s = -15. Let z = k - i. Determine a(z).
-3
Let r be (-1)/(2/(-10)) - 3/1. Let l(b) = 5*b**r + 2*b**3 + 0*b + 3*b + 0*b - 5 - b**3. Let z be (12/8)/(6/(-16)). Give l(z).
-1
Let v be ((-15)/(-9) - 1)*1*12. Let n(a) = 2 + a**2 + a**2 + a**2 - v*a - 4*a**2. Calculate n(-6).
14
Let h(z) = z**2 - 3*z - 3. Let f(m) = m**3 - 8*m**2 - 9*m + 13. Let x be f(9). Let d(s) = -4*s**3 + 4 - s**3 + 6*s**3 - x*s**2. Let v be d(13). Give h(v).
1
Let g(h) be the first derivative of -3*h**4 + h**3/3 - h**2/2 + h + 1. Suppose -10*p + 320 = -840. Suppose 0 = 5*a - p + 111. What is g(a)?
-11
Let q(a) = 4*a**3 + 5*a**2 - 21*a + 11. Let d(u) = 3*u**3 + 5*u**2 - 19*u + 9. Let f(g) = 3*d(g) - 2*q(g). Determine f(-7).
12
Suppose 2*k + 4 = 8. Let n(o) be the first derivative of -5/3*o**3 + 2 - 1/4*o**4 - k*o - 5/2*o**2. Determine n(-4).
2
Let l(y) = y**2 - 5*y - 22. Let g be l(8). Suppose -q - n - 4 = 0, n = g*q + 3*q + 38. Let s(x) = -x. Give s(q).
7
Let h(f) be the third derivative of -f**5/60 + f**4/8 + 7*f**3/6 + f**2. Let x be 58/12 - (4 - 0)/(-24). Suppose -x*y = -8 - 17. Give h(y).
-3
Let q(n) = -n**3 - 4*n**2 - 4*n - 5. Let k(y) = -2*y**2 + 6*y - 7. Let i be k(4). Let f = i - -27. Suppose -f = 4*d + 4. What is q(d)?
11
Let x(s) = s**2 + 6*s + 2. Let d be x(-6). Suppose 0 = -w + 2*w - d. Let i(t) = 8*t + 3. Let q(c) = -9*c - 4. Let u(a) = -4*i(a) - 3*q(a). Calculate u(w).
-10
Let a(w) be the third derivative of w**5/60 - 17*w**4/24 + 7*w**3/6 + w**2 + 28*w. Give a(17).
7
Let d = 6 - 4. Let z be 1/(-2) - (-90)/36. Let b(j) = j**z - 92 - 2*j**d + 4*j + 93. Calculate b(2).
5
Suppose 0 = -5*r - 3*t + 24, 0*t - 9 = -2*r - t. Let c(a) be the second derivative of -9*a - 1/3*a**3 + a**2 + 0. Determine c(r).
-4
Let d(x) be the second derivative of -5*x**4/4 + x**2/2 - 27*x - 1. Give d(1).
-14
Let h(v) be the second derivative of -19*v**4/12 + v**3/6 - 97*v. What is h(1)?
-18
Let y(d) = -d + 1. Suppose 4*i - 83 - 5 = 0. Suppose -a + 20 = -i. Suppose v + a = -6*v. What is y(v)?
7
Let s = 84 + -56. Suppose 0 = -24*q + s*q + 8. Let c(i) = 8*i + 2. What is c(q)?
-14
Let c(t) = -t**3 - 2*t**2 + 2*t. Suppose 0 = 7*s - 46 + 11. Suppose 2*y = -s*a + 7*y, -5*y + 35 = 2*a. Let w be (-6)/(-10) + (-13)/a. What is c(w)?
-4
Let m(o) = -12*o**3 - 2*o**2 + 1. Suppose i - 3*i + 28 = 0. Let t(h) = -h**3 + 14*h**2 + h - 15. Let n be t(i). What is m(n)?
11
Let q = -6 + 8. Let u(v) = v**3 + v + 2 - 3 + v - 3*v**q. Let g be ((-4)/(-6))/1*(-39 - -42). Calculate u(g).
-1
Let x(m) be the first derivative of 2*m**3/3 - 10*m**2 - 19*m - 621. Calculate x(11).
3
Let m(p) = p + 5 + 0 + 2*p**3 + p**2 - 3*p**3. Let g = 5008 - 5008. What is m(g)?
5
Let l(z) be the first derivative of z**4/4 - 5*z**3/3 + z**2 - 116. Give l(2).
-8
Let w(q) be the second derivative of -q**4/12 + 3*q**2/2 + 81*q + 1. Determine w(0).
3
Let m(v) be the third derivative of v**6/120 + v**5/60 + v**4/24 + v**3/3 + 17*v**2. Let i be -6*(-7)/(-168) + (-7)/4. Determine m(i).
-4
Let h(d) = 0 - 1 - 2*d + d + 0*d. Let k be h(0). Let f(t) = 3 - 4*t - 3*t - 1 - 1. Give f(k).
8
Let d(m) = m**3 + 25*m**2 - m + 9. Let c(j) = -j**3 - 21*j**2 - 7. Let v(s) = 5*c(s) + 4*d(s). Give v(-2).
-3
Let g be (-18 + 14)/(2*-1). Let p(y) = -15*y - y**2 + 2*y**g + 16*y - 6. Give p(0).
-6
Let g(m) = 2*m**2 + 12*m + 5. Let h(u) = 3*u**2 + 24*u + 10. Let y(f) = -5*g(f) + 3*h(f). Let k be y(10). Let n(s) = -15 - 8 + k - s**2. Give n(0).
2
Let o(w) = -12*w**2 - 8*w**2 + 3 + 18*w**2 - 1. Determine o(-4).
-30
Let q(g) = 0 - 6 + 3 - 2*g**3 + 0 - 6*g**2. Let n be q(-3). Let r(k) = -k**3 - 5*k**2 - 5*k - 3. Give r(n).
-6
Let t be 1 - ((-9)/3 + 1). Suppose 0 = 4*v + t*i + 4, 0 = 4*v + 2*i - 0*i. Let n(q) = -v + 9*q - 6*q - 2*q. What is n(5)?
3
Let a(i) = -i**2 - 14*i - 23. Let x be a(-16). Let r = x + 48. Let g(y) = y + 3. Give g(r).
-4
Let w(j) be the first derivative of j**2 - j + 39. Calculate w(-4).
-9
Let c(x) = -x**2 - 8*x - 4. Let i(v) = -2*v**2 - 9*v - 8. Let s be i(-4). Determine c(s).
12
Suppose 0 = -3*m + 4*q + 33, -2*q + 36 = 2*m - 0*q. Suppose -5*g + 5*v = -m, -v - 3*v + 4 = 0. Suppose 3*y + g = 2*y. Let l(w) = w**2 + 5*w + 1. What is l(y)?
-3
Let c(b) be the third derivative of b**7/840 + 2*b**4/3 + 7*b**2. Let p(a) be the second derivative of c(a). Calculate p(1).
3
Let f(q) be the third derivative of 1/20*q**5 - 1/12*q**4 - q**2 + 0*q - 1/3*q**3 + 0 + 1/120*q**6. Let b be (1/2 + -2)/((-9)/(-18)). Determine f(b).
4
Let v(h) = -h - 6. Let y(r) = 8*r + 46. Let a(w) = -51*v(w) - 6*y(w). What is a(-10)?
0
Let i(b) be the second derivative of -b**5/60 - 3*b**3/2 - b**2/2 + 5*b. Let p(d) be the first derivative of i(d). Calculate p(0).
-9
Let g(p) = -p**3 + 14*p**2 + p - 12. Let y(h) = 8*h + 102. Let w be y(-11). What is g(w)?
2
Let a(t) = -4*t**3 - 2*t**2 + 7*t + 5. Let b(r) = 7*r**3 + 5*r**2 - 14*r - 9. Let x = -7 - -10. Let y(p) = x*b(p) + 5*a(p). Give y(-6).
4
Let b(y) = y**3 - 2*y + 4. Let g(c) = c**3 - c**2 - 3*c + 4. Let z(h) = -3*b(h) + 4*g(h). Let l(f) = 4*f + 4*f - 4*f + f. Let v be l(1). Give z(v).
-1
Let w(c) = -c**3 - 3*c**2 - 3*c - 1. Let o = -35 - -32. What is w(o)?
8
Let o(f) = -3*f**2 - 26*f + 33. Let c(j) = -j**2 - 9*j + 11. Let k(g) = 8*c(g) - 3*o(g). Give k(-8).
5
Let t(x) = 2*x + 8. Let k be ((-3)/(-6))/((-2)/(-28)). Let i be t(k). Let f be 1*14*i/77. Let p(y) = -y**2 + 6*y - 6. Determine p(f).
2
Suppose -3957*w - 16 = -3965*w. Let z(o) = -3*o - 10. Give z(w).
-16
Let a(f) be the second derivative of f**4/12 + 3*f**3/2 - 9*f + 2. Determine a(-8).
-8
Let u(v) = -v - 1. Let d be 14/6 - 9/27. Suppose -d*w = -8*w + 30. Suppose -3 = -2*a - w. Calculate u(a).
0
Let x be (-2 - 4) + (5 - 19/((-152)/16)). Let n(c) be the second derivative of 0 + c - 3/2*c**3 + 1/2*c**2. What is n(x)?
-8
Let p(l) = -6*l. Let t = 122 + -126. Let r(q) = 7*q - 1. Let j(s) = t*p(s) - 3*r(s). What is j(-6)?
-15
Let i = 2 - 9. Suppose 4*l - 9 = 7. Let n(t) = 10*t - l*t + 8 + t - 5*t. Give n(i).
-6
Let f(i) = 2. Let c(d) = -d - 6. Let a(h) = h + 2. Let l be a(-9). Let q(z) = l*f(z) - 2*c(z). Calculate q(-3).
-8
Let c(b) = 46*b - 103*b + 1 + 56*b. Let p(h) = h + 4. Let j be p(-3). Suppose -4 = n + j. Calculate c(n).
6
Let i(y) = y + 5. Suppose s - 5*m + 61 = -23, 4*m = 4. Let u = s + 75. Calculate i(u).
1
Let n(t) be the second derivative of 5*t**4/12 - t**3/3 - t**2 + 7*t - 1. Determine n(-2).
22
Let m(j) = -j + 2. Let n be m(-4). Let a be 2/n - 38/6. Let k(r) be the third derivative of -r**5/60 - 5*r**4/24 - r**3/3 - 177*r**2. Calculate k(a).
-8
Let s(g) = -2*g + 4. Let f be s(4). Let i(y) be the third derivative of y**5/60 - y**4/24 - 5*y**3/6 + 7*y**2. Calculate i(f).
15
Let i(w) = -w**2 - w - 1. Let n be (-1 - 2) + 70/14. Let l(c) = -2*c**2 - 2*c. Let v(q) = n*l(q) - 2*i(q). Let b = -8 - -6. Give v(b).
-2
Let u(q) = -q + 2. Let l be u(-3). Let g(t) = 2 + 5*t**2 + 2*t - 3*t**3 + 0*t + 2*t**3 - 3*t. Calculate g(l).
-3
Let a(t) = -t**2 + 6*t - 5. Suppose -2*l + 18 = l. Let o be l/2 - (1 - 7)/2. Calculate a(o).
-5
Let i(f) = f**2 + 8*f + 6. Let c be (-250)/(-90) - 2/(-9). Suppose 0 = 4*o + 3*n + c, 2*o - 5*n = -o 